y) = y**2 - 27*y + 437. Calculate a(13).
255
Let h(b) = 259*b - 1039. What is h(4)?
-3
Let i(r) = r**3 + 37*r**2 - 24*r + 256. Give i(-38).
-276
Let k(w) = 8*w + 238. Calculate k(-35).
-42
Let k(h) = h**3 + 15*h**2 + 13*h + 8. What is k(-5)?
193
Let l(u) = -36*u - 386. What is l(-8)?
-98
Let w(t) = 8*t**3 + 80*t**2 + 2*t + 57. Give w(-10).
37
Let o(n) = 2*n**3 - 197*n**2 - 96*n - 273. Give o(99).
24
Let k(b) = b**2 + 2*b + 365. Give k(0).
365
Let k(y) = y**3 + 16*y**2 - 23*y - 6. Determine k(-17).
96
Let y(x) = 300*x - 892. Determine y(3).
8
Let c(q) = -q**3 - 13*q**2 + 5*q - 64. Calculate c(-14).
62
Let a(w) = 4*w + 55. Calculate a(13).
107
Let o(q) = -7*q**2 + 13*q + 244. Give o(-11).
-746
Let x(a) = -21*a**3 + 36*a**2 + 10*a - 4. Give x(2).
-8
Let u(h) = -9*h**2 + 12*h + 2. Give u(2).
-10
Let o(d) = 291*d + 57609. Give o(-198).
-9
Let b(l) = -129*l**3 + 9*l + 10. What is b(-1)?
130
Let x(r) = 20*r - 189. Calculate x(19).
191
Let o(w) = -2602*w - 13019. Calculate o(-5).
-9
Let o(f) = -24*f**2 + 280*f - 182. What is o(11)?
-6
Let k(f) = -f**3 - 8*f**2 - 10*f - 70. Calculate k(-8).
10
Let f(k) = 12*k**2 - 48*k - 197. Give f(-4).
187
Let q(s) = -2*s**2 - 88*s + 125. What is q(-43)?
211
Let d(h) = -2*h**2 - 90*h - 850. Give d(-14).
18
Let z(b) = b**3 + 7*b**2 + 5*b - 19. Give z(-6).
-13
Let s(u) = u**3 + 47*u**2 - 10*u - 495. Determine s(-47).
-25
Let s(b) = -41*b**2 - 536*b - 37. Calculate s(-13).
2
Let g(t) = 100*t**3 - t**2 + 24*t - 51. What is g(2)?
793
Let n(v) = -v**3 + 17*v**2 + 7*v - 38. Give n(16).
330
Let z(o) = -9*o**2 - 801*o - 7. Calculate z(-89).
-7
Let i(p) = -61*p - 481. What is i(-8)?
7
Let t(p) = -171*p + 7341. Determine t(43).
-12
Let g(d) = 3*d**2 - 197*d + 2480. Give g(17).
-2
Let s(m) = -m**3 + 6*m**2 - 49*m - 2590. What is s(-11)?
6
Let s(n) = -12*n - 1041. What is s(-87)?
3
Let j(r) = 2*r**2 - 411*r + 2506. What is j(6)?
112
Let r(b) = 2*b**3 + b**2 - 24*b - 22. Give r(-5).
-127
Let o(n) = n**2 + 27*n - 25. Determine o(-28).
3
Let w(n) = 11*n + 592. Give w(-61).
-79
Let c(u) = u**3 + 9*u**2 + 8*u + 9. Give c(-9).
-63
Let q(c) = c**3 - 84*c**2 - 175*c + 273. Calculate q(86).
15
Let q(h) = -216*h - 17. What is q(1)?
-233
Let b(r) = r**3 + 25*r**2 + 146*r - 66. Determine b(-15).
-6
Let x(h) = -97*h - 6183. What is x(-64)?
25
Let o(q) = q**2 + 20*q - 243. What is o(-27)?
-54
Let g(h) = -h**3 + 106*h**2 + 93*h + 1414. Determine g(107).
-84
Let p(d) = 1537*d + 7673. What is p(-5)?
-12
Let a(s) = -353*s + 43770. Give a(124).
-2
Let t(c) = c**2 + 31*c - 342. What is t(-40)?
18
Let q(w) = w**2 + 2*w - 8. What is q(3)?
7
Let l(r) = -r**2 - 24*r - 135. Give l(-16).
-7
Let v(y) = -3*y**3 + 2*y**2 - 4*y + 16. Determine v(3).
-59
Let x(a) = a**3 + 4*a**2 - 43*a - 9. Calculate x(4).
-53
Let x(s) = 3*s**3 + 7*s**2 - 9*s - 36. What is x(-5)?
-191
Let h(l) = -2*l**3 - 71*l**2 - 106*l - 2497. Calculate h(-35).
-12
Let j(q) = -4*q**2 - 115. What is j(12)?
-691
Let k(p) = -p**3 + 16*p**2 - 12*p - 29. What is k(16)?
-221
Let r(l) = -5*l**3 + 12*l**2 + 48*l + 6. Calculate r(-3).
105
Let b(h) = -h**2 - h + 15. What is b(-6)?
-15
Let c(o) = -17*o - 194. What is c(8)?
-330
Let y(a) = -a**3 + a**2 - 18*a + 42. What is y(7)?
-378
Let c(m) = -m**3 - 105*m**2 - 775*m + 3. Determine c(-8).
-5
Let h(r) = -r**2 + 153*r - 5824. What is h(72)?
8
Let b(h) = -242*h - 975. Determine b(-4).
-7
Let r(g) = -6*g**2 - 91*g + 187. Determine r(2).
-19
Let d(z) = 36*z**2 + 35*z - 36. Determine d(1).
35
Let x(k) = 2*k**2 - 419*k - 6741. Determine x(-15).
-6
Let c(l) = 2*l**2 - 51*l + 340. Give c(9).
43
Let t(k) = -699*k + 706. Determine t(1).
7
Let h(g) = -6*g**2 + 17*g + 84. What is h(11)?
-455
Let d(s) = -s**3 - 7*s**2 - 6*s + 11. Calculate d(-5).
-9
Let w(k) = -3*k**2 + 11*k + 18. Give w(-5).
-112
Let u(b) = 7*b + 28. Determine u(-7).
-21
Let h(n) = 2*n**2 + 36*n + 246. What is h(-9)?
84
Let f(g) = -6*g**3 + 78*g**2 - 8*g + 52. What is f(13)?
-52
Let b(f) = 8*f**2 + 22*f + 21. Calculate b(-4).
61
Let z(o) = -o**3 + 28*o**2 + 4357*o - 122007. Calculate z(28).
-11
Let a(i) = 46*i**3 + 59*i**2 + 62*i + 3. Calculate a(-1).
-46
Let y(c) = -15*c**3 - 8*c**2 + 35*c - 37. Determine y(1).
-25
Let m(l) = -13*l - 14. What is m(-5)?
51
Let a(u) = -u**3 + 24*u**2 + 82*u - 9. What is a(-4)?
111
Let n(m) = 72*m + 499. Determine n(-7).
-5
Let b(w) = w**2 + w - 106. Give b(-14).
76
Let n(h) = 17*h - 258. Determine n(28).
218
Let u(l) = 192*l - 169. What is u(3)?
407
Let g(i) = 19*i**2 - 440*i + 66. What is g(23)?
-3
Let h(n) = -3*n**3 + 11*n**2 + 59*n - 13. What is h(-4)?
119
Let o(i) = -2*i**2 - 49*i - 431. Give o(-10).
-141
Let a(x) = -18*x + 657. Give a(29).
135
Let l(c) = 605*c - 12711. Calculate l(21).
-6
Let y(u) = -8*u**2 - 44*u + 121. Give y(2).
1
Let k(n) = -n**3 + 6*n**2 - 20. Determine k(4).
12
Let z(n) = n**2 - 13*n - 328. Calculate z(28).
92
Let w(o) = 85*o**3 - 4*o**2 + 6*o + 7. Determine w(-1).
-88
Let y(v) = -688*v - 4121. Determine y(-6).
7
Let z(k) = -1332*k - 10655. Give z(-8).
1
Let x(d) = -6*d**2 - 264*d - 967. What is x(-4)?
-7
Let y(g) = 2*g**3 + 20*g**2 - 30*g - 58. Determine y(-12).
-274
Let j(u) = -89*u + 1714. What is j(18)?
112
Let i(z) = 11*z - 336. What is i(31)?
5
Let y(q) = -q**2 - 4*q + 1015. What is y(28)?
119
Let p(b) = b**2 - 297*b + 19406. What is p(97)?
6
Let v(f) = -82*f**2 + 1643*f - 7. What is v(20)?
53
Let y(q) = -681*q + 4080. Calculate y(6).
-6
Let y(q) = 6*q**2 + 572*q - 381. What is y(-96)?
3
Let u(s) = 15*s**3 + 55*s**2 - 12*s + 31. Determine u(-4).
-1
Let j(o) = 114*o + 696. Determine j(-6).
12
Let x(p) = -8*p**2 - 22*p + 112. Determine x(4).
-104
Let r(q) = 1810*q - 3626. What is r(2)?
-6
Let k(i) = -584*i + 1782. Calculate k(3).
30
Let u(p) = -p**2 + 169*p - 6078. What is u(52)?
6
Let q(g) = -g**2 + 6*g + 11. What is q(8)?
-5
Let u(x) = -14*x - 357. Determine u(-34).
119
Let c(k) = -519*k + 24379. Determine c(47).
-14
Let m(h) = -6*h + 156. Calculate m(4).
132
Let d(p) = -6*p**2 + 6*p + 1. Calculate d(3).
-35
Let l(z) = 26*z + 456. Calculate l(-21).
-90
Let b(h) = 149*h - 1055. Calculate b(7).
-12
Let b(i) = -12*i**3 - 444*i**2 + 11*i + 411. Calculate b(-37).
4
Let s(n) = 62*n - 241. Give s(5).
69
Let m(j) = j**3 + 19*j**2 + 85*j + 11. Calculate m(-8).
35
Let p(m) = -3*m - 38. Give p(-8).
-14
Let z(q) = -2*q**3 + 54*q**2 + 15*q - 393. What is z(27)?
12
Let j(l) = 5615*l + 33684. Calculate j(-6).
-6
Let f(n) = 2*n**2 + 23*n + 69. Determine f(-16).
213
Let o(i) = -13*i**2 + 142*i + 332. What is o(13)?
-19
Let n(m) = m**2 - 42*m - 1650. Give n(67).
25
Let m(z) = 2337*z - 21032. Calculate m(9).
1
Let w(h) = -159*h + 327. Give w(2).
9
Let s(r) = -2*r**3 - 159*r**2 + 1303*r - 139. What is s(-87)?
35
Let i(f) = -f**3 - 13*f**2 - 5*f + 118. Determine i(-11).
-69
Let y(a) = 2*a**2 - 197*a - 5583. What is y(-23)?
6
Let s(x) = 8*x - 95. Determine s(11).
-7
Let d(m) = -m**2 - 40*m - 280. Determine d(-43).
-409
Let n(r) = 4*r**3 - 15*r**2 - 3*r - 12. What is n(4)?
-8
Let n(f) = f**3 + 8*f**2 - 129*f - 1045. Calculate n(-9).
35
Let s(v) = 1133*v - 6807. Give s(6).
-9
Let z(i) = -452*i + 909. Determine z(2).
5
Let u(c) = 2*c**2 + 104*c - 1531. Determine u(12).
5
Let i(o) = 28*o**2 + 5*o - 17. What is i(-4)?
411
Let s(b) = -50*b**2 - 45*b - 1. Calculate s(-1).
-6
Let j(h) = -4*h - 100. Calculate j(-21).
-16
Let x(k) = 565*k - 5071. Calculate x(9).
14
Let z(y) = -16*y**2 - 110*y + 6. Calculate z(-5).
156
Let y(a) = -248*a**3 + 2*a**2 - 11*a - 12. What is y(-1)?
249
Let d(m) = m**2 - 9*m - 384. Determine d(24).
-24
Let r(u) = -2*u**3 + 37*u**2 + 37*u - 344. Calculate r(19).
-2
Let p(q) = q**2 + 54*q - 3634. Calculate p(-93).
-7
Let y(m) = -m**3 - 5*m**2 - 7*m - 2. What is y(-6)?
76
Let d(y) = -8*y**3 + 81*y**2 - 17*y - 28. What is d(10)?
-98
Let s(o) = -o**3 + 84*o**2 - 867*o + 30. What is s(12)?
-6
Let i(f) = 361*f + 105068. Calculate i(-291).
17
Let n(s) = 2*s**2 + 10*s - 13. Calculate n(4).
59
Let b(l) = -12*l**2 - 235*l - 1046. Determine b(-7).
11
Let l(p) = -4*p**3 + 3*p**2 + 16*p + 7. Determine l(0).
7
Let q(c) = -212*c + 214. What is q(1)?
2
Let b(a) = -a**2 - 89*a + 645. Calculate b(-96).
-27
Let k(i) = -112*i + 600. Give k(10).
-520
Let b(n) = -n**3 + 19*n**2 - 106*n + 267. Calculate b(11).
69
Let n(i) = 11*i**2 - 11*i + 20. Give n(3).
